
Let z(w) = -229*w + 15994. Calculate z(67).
651
Let a(j) = -3*j**2 - 116*j + 33499. Calculate a(88).
59
Let w(r) = r**3 - 133*r**2 - 4140*r + 576652. Calculate w(131).
-10
Let t(i) = 573*i + 239. Calculate t(2).
1385
Let n(p) = p**2 + 18994*p + 151883. Determine n(-8).
-5
Let w(p) = -49403*p + 7904498. Give w(160).
18
Let y(j) = -2*j**3 + 9*j**2 + 5*j + 48. What is y(8)?
-360
Let o(g) = -g**2 + 139*g + 9852. Give o(-50).
402
Let q(v) = 575*v - 639. Give q(1).
-64
Let x(v) = -6*v**3 + 64*v**2 - 5*v - 24. Calculate x(10).
326
Let t(m) = 2055*m + 65767. Calculate t(-32).
7
Let y(j) = 14*j**2 + 398*j - 1012. Calculate y(3).
308
Let d(m) = -530*m**2 + 138328*m + 555. Calculate d(261).
33
Let m(s) = -169*s**2 + 405*s - 1206. Determine m(3).
-1512
Let b(m) = 294*m**2 + 595*m + 38. Give b(-2).
24
Let g(h) = 3*h**2 - 1969*h - 5909. Determine g(-3).
25
Let j(s) = -1015*s - 6518. Determine j(-7).
587
Let w(k) = -9726*k - 38712. Calculate w(-4).
192
Let u(t) = 4*t**3 + 178*t**2 - 317*t - 96. Calculate u(2).
14
Let f(b) = -5*b**2 - 170*b + 84. Calculate f(-34).
84
Let k(c) = -44997*c + 719942. What is k(16)?
-10
Let l(s) = 440*s - 1295. Calculate l(3).
25
Let j(q) = -q**3 - 47*q**2 - 406*q - 1293. Give j(-37).
39
Let n(f) = 35*f**2 + 3733*f - 1339. Calculate n(-107).
-55
Let h(s) = s**3 - 40*s**2 + 10*s - 137. Calculate h(39).
-1268
Let m(h) = -874*h + 5995. What is m(6)?
751
Let i(u) = 3*u**2 - 4411*u + 22056. Determine i(5).
76
Let c(h) = 9*h**2 - 185*h - 23339. Calculate c(63).
727
Let s(k) = -4*k**2 - 180*k - 1884. Calculate s(-12).
-300
Let q(b) = -1629*b**3 + 5*b**2 + 8*b + 2. What is q(-1)?
1628
Let b(f) = -18*f**2 - 7528*f + 5864. Give b(-419).
-2
Let y(c) = 5*c**3 - 26*c**2 - 180*c + 13. Calculate y(9).
-68
Let w(i) = 16*i**3 + 15*i**2 + 21*i - 31. Calculate w(-4).
-899
Let g(q) = q**2 + 14161*q + 99092. Calculate g(-7).
14
Let t(h) = -h**3 + 349*h**2 - 3416*h + 8843. Calculate t(339).
29
Let q(b) = 22217*b + 244352. What is q(-11)?
-35
Let b(x) = -x**3 - 397*x**2 + 633*x - 65781. Determine b(-399).
54
Let p(n) = 10782*n + 894890. Determine p(-83).
-16
Let j(m) = 434059*m + 3038406. Determine j(-7).
-7
Let o(y) = -2*y**2 + 322*y - 11840. Calculate o(118).
-1692
Let q(d) = d**2 + 2439*d - 36809. Determine q(15).
1
Let l(m) = -2*m**2 + 15937*m - 143367. Give l(9).
-96
Let i(y) = -11*y**3 - 59*y**2 + 158*y + 9. Give i(3).
-345
Let h(l) = 7*l**2 - 144*l - 12740. Determine h(54).
-104
Let f(h) = -17*h**2 + 1657*h + 8696. Calculate f(-5).
-14
Let b(i) = -1737*i**2 - 364776*i - 1235. What is b(-210)?
25
Let t(o) = -31730*o - 698055. Calculate t(-22).
5
Let i(n) = -9*n**2 - 2738*n - 103476. Calculate i(-260).
4
Let g(a) = -29095*a - 29086. Determine g(-1).
9
Let s(g) = -3*g**2 - 89*g + 98. What is s(-31)?
-26
Let c(d) = -1009*d**2 - 18131*d + 57. Give c(-18).
-501
Let a(j) = 3237*j - 6700542. Calculate a(2070).
48
Let o(b) = 30*b**3 - 2002*b**2 - 545*b + 597. Give o(67).
-6
Let u(a) = -10322*a - 516091. Determine u(-50).
9
Let v(p) = -16*p**2 - 21*p + 277. What is v(6)?
-425
Let h(f) = -17*f**3 + 63*f**2 + 529*f + 14. Give h(-6).
2780
Let g(h) = 6*h**2 - 886*h - 3595. Determine g(-4).
45
Let l(o) = o**2 - 500*o + 4901. Determine l(490).
1
Let q(u) = -u**3 - 14*u**2 - 30*u + 301. Determine q(7).
-938
Let i(r) = 211*r - 43548. What is i(207)?
129
Let s(a) = 14*a**3 + 172*a**2 + 24*a + 21. Calculate s(-12).
309
Let y(h) = -79265*h + 2932786. Give y(37).
-19
Let d(j) = -2*j**3 + 11*j**2 + 11149*j + 20306. Determine d(-71).
0
Let i(b) = 3516*b - 3493. What is i(1)?
23
Let z(g) = -28*g**2 - 352*g - 54. Calculate z(-12).
138
Let m(y) = 24928*y + 273725. Determine m(-11).
-483
Let f(o) = -11*o**3 + 509*o**2 + 28444*o - 297. What is f(79)?
19
Let f(j) = j**3 + 87*j**2 - 2157*j - 192932. What is f(-86)?
-34
Let g(y) = -y**3 + 18*y**2 - 2007*y + 36265. Calculate g(18).
139
Let b(f) = 2*f**2 - 42*f - 3798. Determine b(-48).
2826
Let t(l) = 24*l + 6740. Determine t(-255).
620
Let a(t) = 315*t - 28532. Calculate a(90).
-182
Let l(p) = -11275*p + 326998. Give l(29).
23
Let u(g) = -g**2 + 769*g - 134261. Give u(268).
7
Let b(v) = v**3 - 4*v**2 - 488*v + 3007. Give b(6).
151
Let s(z) = -155*z + 91. Determine s(1).
-64
Let f(l) = -567*l + 9140. What is f(16)?
68
Let m(k) = -2*k**3 - 4*k**2 - 241*k - 474. What is m(-2)?
8
Let m(l) = -18*l**3 + 429*l**2 - 421*l - 9. Determine m(1).
-19
Let j(y) = 14814*y - 355352. Calculate j(24).
184
Let u(s) = -94*s + 10248. Calculate u(111).
-186
Let h(k) = -3*k**2 - 47*k + 91880. Determine h(-183).
14
Let p(u) = u**3 - 83*u**2 + 302*u - 222. Give p(79).
-1328
Let w(p) = 4*p**2 - 240*p + 2953. Give w(44).
137
Let r(j) = -j**3 + 2*j**2 + 12014*j + 60081. What is r(-5)?
186
Let h(y) = -y**2 - 5577*y + 44454. What is h(8)?
-226
Let f(l) = -270*l**2 + 1794*l + 2907. What is f(8)?
-21
Let h(b) = -51*b + 7872. Give h(141).
681
Let w(q) = q**2 - 12618*q + 4946255. Give w(405).
-10
Let z(r) = -5*r**3 + 110*r**2 - 177*r - 218. Give z(20).
242
Let w(d) = 148*d**2 + 39242*d + 5822. Give w(-265).
-8
Let f(h) = h**3 - 167*h**2 - 162*h + 27052. Calculate f(167).
-2
Let h(g) = -65*g + 3052. What is h(45)?
127
Let k(r) = 4011*r - 8004. Give k(2).
18
Let v(t) = -t**2 - 78*t + 20578. Calculate v(-188).
-102
Let o(r) = -2*r**2 - 211*r - 5. Give o(0).
-5
Let b(y) = 35*y**2 - 137*y - 2137. Give b(10).
-7
Let w(f) = f**2 + 53157*f + 1540703. What is w(-29)?
-9
Let f(r) = r**2 + 161*r + 4852. Give f(-42).
-146
Let d(u) = -7*u**2 + 42*u - 657. Give d(9).
-846
Let c(a) = 2139*a - 1426702. What is c(667)?
11
Let j(k) = -2419*k - 16467. What is j(-7)?
466
Let f(i) = i**3 - 1502*i**2 + 47062*i - 691. Determine f(32).
13
Let u(q) = 2*q**3 + 88*q**2 + 810*q + 16. Calculate u(-15).
916
Let z(v) = -144315*v - 432945. Calculate z(-3).
0
Let u(j) = 5242*j - 183987. What is u(35)?
-517
Let b(h) = -h**2 - 1598*h - 70666. Give b(-45).
-781
Let o(p) = 9*p**2 - 28*p + 67. Give o(-8).
867
Let g(c) = -4*c**2 - 1088*c + 35891. Give g(30).
-349
Let r(g) = -2*g**3 - 616*g**2 + 5645*g + 548. Determine r(9).
-1
Let d(u) = -u**3 - 54*u**2 - 274*u - 785. Determine d(-49).
636
Let r(a) = 16*a**3 - 1119*a**2 - 35*a - 2516. What is r(70)?
-66
Let m(k) = -83*k**2 + 369*k - 61. Determine m(4).
87
Let f(g) = g**3 - 482*g**2 + 49616*g + 165. Calculate f(149).
16
Let v(b) = 27*b**3 + 3830*b**2 - 564*b + 555. Calculate v(-142).
-13
Let b(q) = q**3 - 94344*q**2 - 1226637*q + 42. Determine b(-13).
-10
Let c(s) = 43*s**2 - 2401*s - 403. Give c(56).
-11
Let t(k) = 721*k**2 + 7197*k + 28. What is t(-10)?
158
Let j(b) = -790*b + 9907. Determine j(12).
427
Let w(a) = 19*a**2 + 61*a - 1. Determine w(-2).
-47
Let j(c) = 2*c**2 + 1660*c + 18027. Calculate j(-11).
9
Let q(f) = -3*f**3 + 1148*f**2 + 1534*f + 774. Determine q(384).
6
Let k(t) = 2194449*t - 70222371. Calculate k(32).
-3
Let l(g) = -14*g**2 + 444*g - 163. Determine l(31).
147
Let l(i) = 7416*i - 51900. What is l(7)?
12
Let j(s) = 243*s - 8010. What is j(28)?
-1206
Let l(w) = 3*w**3 + 16*w**2 + 20*w + 78. Give l(-5).
3
Let d(a) = -272317*a + 5174011. Calculate d(19).
-12
Let j(q) = -11*q**2 - 164*q - 143. What is j(-14)?
-3
Let c(a) = -112*a**2 + 665*a - 538. Give c(5).
-13
Let x(g) = g**2 - 564*g - 8533. Calculate x(-15).
152
Let q(z) = -z**2 + 78*z - 1450. Calculate q(31).
7
Let i(h) = -32*h**3 - 518*h**2 + 37*h + 33. Calculate i(-16).
-2095
Let p(l) = 141522*l + 566103. What is p(-4)?
15
Let l(h) = -47183*h + 849345. What is l(18)?
51
Let u(c) = -2*c**3 - 6*c**2 + 311*c + 929. What is u(-3)?
-4
Let i(a) = 6342*a + 12667. What is i(-2)?
-17
Let p(i) = 60*i**2 + 1234*i + 127. Give p(-20).
-553
Let h(l) = 428*l - 38239. Give h(90).
281
Let g(f) = 1434*f + 53207. Determine g(-37).
149
Let g(j) = -142*j + 8935. Calculate g(58).
699
Let l(d) = d**3 - 62*d**2 + 92*d + 996. Determine l(60).
-684
Let v(p) = 781*p - 223907. Calculate v(285).
-1322
Let j(i) = 76*i**3 + 4332*i**2 - 22*i - 1182. What is j(-57)?
72
Let h(i) = -44*i**2 - 1329*i + 1227. Determine h(-32).
-1301
Let k(u) = -2*u**3 + 682*u**2 + 663*u + 7606. Determine k(342).
424
Let w(r) = r**3 - 20*r**2 - 282*r - 425. Calculate w(30).
115
Let t(r) = -17*r**2 + 838*r - 5880. Give t(7).
-847
Let x(b) = -10*b**3 - 9*b**2 + 62*b + 14. What is x(5)?
-1151
Let h(v) = v**3 - 33*v**2 - 276*v 